 t(z) = 9 + 3*z**2 - 3*z**2 + 2*z**2 - z**2 + 9*z. What is t(p)?
-5
Let f(p) = -2*p**2 - 9*p - 6. Suppose -60 - 6 = 11*x. Calculate f(x).
-24
Let z(h) = -3*h**2 - 82*h + 56. Let a(j) = j**2 + 29*j - 19. Let d(m) = -17*a(m) - 6*z(m). What is d(4)?
-1
Suppose -3*c = -2*c - 5*d + 15, -2*c - 4*d = -40. Let l(g) = -c - g**2 + 23 - 11 - 6*g. Calculate l(-5).
7
Let g(m) = m**3. Let z be ((-11)/(-5))/((-6)/(-30)). Suppose -5*k + 10 = 5*r, r + 0*k - z = -4*k. Let f be 0/((-3)/3*r). What is g(f)?
0
Let b(y) = 4*y**3 - 2*y**2 + 3*y - 8. Let n(l) = -3*l**3 + 2*l**2 - 2*l + 7. Let o(g) = 5*b(g) + 6*n(g). Suppose 2 + 0 = -d. Give o(d).
-12
Let s = 28 + -20. Let b(j) = s*j**2 - 4*j - 5*j**2 + j**3 + 2*j - 2. Suppose 3*z - 2 = -3*c + 5*c, 2*z - 4*c - 12 = 0. Give b(z).
6
Let v(j) = -11*j. Suppose 4*o - 8 = -4*p, -4*o + p + 5 + 3 = 0. Suppose -4*f + o = 3*g, -3*g + 13 = -5*f + g. Determine v(f).
11
Suppose -5*l - 4 = -3*l. Let r(d) = 1. Suppose o - 7 - 10 = -3*y, -2*o - 3*y + 19 = 0. Let t(z) = -z + 3. Let s(c) = o*r(c) - t(c). Calculate s(l).
-3
Let x(m) = 2*m**3 + 9*m**2 - 5*m. Let b be x(-5). Let n(w) = b + 46*w - 24*w - 23*w - 1. Calculate n(-5).
4
Let k be 2 - 2*1*(-90)/(-60). Let y(j) = -20*j**3 - j**2. Determine y(k).
19
Suppose -z + 3*i = -9, 27 = -5*z + 8*z + i. Let b be (((-15)/z)/(2/(-12)))/(-2). Let x(t) = -2*t - 1. Determine x(b).
9
Let g(s) = s**2 + 9*s + 7. Let o = -30 - -23. Give g(o).
-7
Let j(a) = -7*a**2 - 4*a**3 - 10 + 5*a**3 - 19*a + 16*a + 0*a**2 - 2*a**3. Determine j(-7).
11
Let p(k) = -2*k**3 - 2*k**2 + 1. Let j = -13 - -27. Let i = 14 - j. Let c be -5 - 0 - (i - 3). Determine p(c).
9
Let j(t) = 2*t**2 + 15*t - 14. Let q(h) = -3*h**2 + 61*h + 34. Let g be q(21). What is j(g)?
-6
Let f = -12 - -6. Let i(h) = -6*h. Let w(t) = 35*t + 6. Let r(v) = -6*i(v) - w(v). What is r(f)?
-12
Let l = -17 + -3. Let g = l + 20. Let n(m) = 3 + m - 4*m**3 + 3*m**3 + 3. Calculate n(g).
6
Suppose 105 = -4*x + 7*x. Let l be x/(4 + -11) + (-1 - 1). Let b(a) = -a - 1. Determine b(l).
6
Let u be (2/(-2))/((-8)/16). Let c(k) = -6*k**2 + 4 + 2*k**2 + k**u + k**3 - 5*k. Determine c(4).
0
Let p(r) = r**3 + 2*r**2 - 1. Let n = -71 + 143. Let a be (-4)/(-18) - 232/n. Determine p(a).
-10
Let a(g) = 5*g - 6. Let n(s) = 14*s - 17. Let k(l) = 11*a(l) - 4*n(l). Let h be (-16)/6*(-18)/8. Determine k(h).
-4
Let y(r) = 7*r. Let h = 871 + -872. Give y(h).
-7
Let l(a) = a**3 - 5*a**2 + 2*a + 2. Let j(t) = t + 15. Let o be j(-7). Let m be (-1)/(1/(o/(-4))). Suppose -2*y + 8 = m*y. What is l(y)?
-6
Let r(s) = 4*s + 14*s - 34*s - 2 + 12*s. Let z(w) = -3 + 0 - 7*w + 4*w**2 - 3*w**2. Let n be z(7). What is r(n)?
10
Let z(o) = 2*o + 2. Suppose 5*m + 3*t = -0*t - 150, 0 = -m + t - 22. Let w be (-1)/(-3)*(m + 9). Calculate z(w).
-10
Let h be -11*1*(42/6 + 0). Let y be (-22)/h + 47/7 - 2. Let l(m) = m - 2. Give l(y).
3
Let r = 6 - 3. Let y(s) = 5*s**2 - 3*s + 1. Let p(v) = -6*v**2 + 3*v - 2. Let x = -19 - -16. Let z(k) = x*p(k) - 4*y(k). Give z(r).
-7
Let q(h) be the first derivative of h**3/3 + h**2/2 - 5*h - 570. Give q(4).
15
Let s(c) = c**2 - 6*c - 7. Suppose 12*o + 0*o = 72. Determine s(o).
-7
Let r(i) be the second derivative of 0*i**2 + 1/12*i**4 + 6*i + 0*i**3 + 0. Let v be 12/5 + 4/(-10). Determine r(v).
4
Let n(w) = 2*w - 2. Let j be 3/1 + (-3)/(-3). Suppose -c + 9 = j*r, 0 = 3*c + c - 3*r + 40. Determine n(c).
-16
Let p(k) be the first derivative of k**4/4 + 10*k**3/3 + 9*k**2/2 + 6*k + 1. Let j = -336 - -327. Let z be p(j). Let n(q) = q**2 - 6*q - 6. Calculate n(z).
-6
Let h(j) = j - 2. Let r(i) = -i - 1. Let z(d) = -h(d) - 3*r(d). Let u(w) = -w**2 - 4*w - 5. Let c be u(-4). Calculate z(c).
-5
Let d(k) = -k**2 - k - 4. Suppose 4*i = 2*t - 3*t + 14, 0 = i - 4*t - 12. Suppose 4*f + 3*x + 28 = 6, 0 = -i*x - 8. What is d(f)?
-16
Let h(o) = o + 7. Let r(t) be the first derivative of -t**4/4 - 2*t**3 + 5*t**2/2 - 9*t - 10. Let s be r(-7). Give h(s).
12
Suppose -5*r = -5*s - 385, 0 = -5*s - 3*r - 2*r - 365. Let n be ((-2)/3)/(10/s). Suppose -n*q + 4 = 5*g - 1, 4*g - 9 = -5*q. Let v(o) = -2*o. What is v(g)?
8
Let b(l) = l + 1. Let v(z) = z**3 + 3*z**2 - 5*z + 2. Let w be v(-4). Suppose -3*d - 2*j + 25 = -4*j, -w = -d + 3*j. Suppose -19*o = -16*o + d. Give b(o).
-2
Let f(u) = u**3 - 7*u**2 + 8*u - 5. Let q = -19 - -18. Let m = q - -7. Suppose m = -0*z + z. Calculate f(z).
7
Let n(t) = 2*t**3 + 3*t - 1 - 5*t**2 - t**3 - 2. Let k(s) be the first derivative of -s**2/2 + s + 1. Let b be k(-3). Give n(b).
-7
Let q(n) = 4*n + 6. Let z = -175 + 170. Calculate q(z).
-14
Let z(l) = -2*l**3 + 2*l**2 + l. Suppose 106*n = 96*n - 10. What is z(n)?
3
Let b(f) = 3*f - 112 + 72 + 62. Determine b(-9).
-5
Let a = 37 - 20. Suppose 5 = 22*z - a*z. Let x(i) = 4*i**2 + i. Give x(z).
5
Let y(c) = 0*c + 0*c**2 + 0 + 3*c - c**2 + 3. Let k(h) = 17*h**3 - h**2. Let o be k(1). Let u = -13 + o. Calculate y(u).
3
Let x(o) = 11*o**3 + 10*o**3 + 2*o**2 - 8*o + 9*o - 10*o**3. Give x(-1).
-10
Let z be 36/16*(-16)/(-6). Let q(w) = -w**3 - 2*w**2 + 1. Let l(s) = -3*s**3 + 2*s**2 - 2*s + 7. Let u(d) = l(d) - 2*q(d). What is u(z)?
-7
Let g be 1*(-3 - 1*-8 - -1). Let s(p) be the second derivative of -p**4/12 + p**3 + 4*p**2 - p. Give s(g).
8
Let f(p) = -p**3 + 6*p**2 - 5*p - 7. Let i be ((-10)/4)/((-2)/60). Let g(w) = -w**2 + 5*w + 12. Let x be g(6). Let k be (4/x)/(10/i). What is f(k)?
-7
Let z = 113 + -335/3. Let j(p) be the first derivative of -z*p**3 + 6*p - 3 - 5/2*p**2 + 1/4*p**4. Calculate j(5).
6
Let q(o) be the second derivative of -o**5/20 - o**4/12 + 5*o**3/6 + 5*o**2/2 - 25*o - 4. Determine q(0).
5
Let j(c) be the first derivative of -c**2 - 12*c - 4. Let l be j(-6). Let s(q) = l*q - q**2 - 11*q**2 - 5*q + 4*q. What is s(-1)?
-11
Let g(y) = -y**2 + 3*y - 3. Suppose 4*q + 0 = 128. Let x be (q/20)/(8/20). Calculate g(x).
-7
Let x(m) be the third derivative of -m**5/60 + m**4/8 - m**3/3 - 43*m**2 + 1. Give x(3).
-2
Let n(y) = y**3 + 5*y**2 - 5*y + 7. Suppose -14*h = -2*o - 17*h - 12, 0 = -2*h. Calculate n(o).
1
Let q = 15/29 - -57/58. Let k(w) be the first derivative of q*w**2 + 2 - 5*w. What is k(4)?
7
Let k(r) be the first derivative of -r**2/2 - 9*r - 359. Give k(-13).
4
Let w(u) = u**2 - 6*u - 2. Let g(f) be the second derivative of f**4/3 + f**3/6 - 7*f. Let z be g(-3). Suppose 5*n + 16 = n, 2*n = 5*r - z. Give w(r).
-7
Let p be -3 + 4 + 4/(12/9). Let j(d) = d**2 + 3*d - 6. Determine j(p).
22
Let z(j) = 8*j**2 - j + 1. Let t = -24 + 21. Let y be ((-2)/3)/(2/t). Give z(y).
8
Let g = 152 + -163. Let v(l) = l**2 + 9*l - 13. Determine v(g).
9
Let v(a) be the third derivative of a**6/120 + a**5/10 + a**4/12 - 7*a**3/6 + 89*a**2. Calculate v(-4).
17
Let p(l) = -l**2 - 9*l + 6. Suppose -24 = 3*x - 4*r, -32 = 4*x - 2*r + 6*r. Give p(x).
14
Let q = -142 - -195. Let z = 53 - q. Let s(r) = r**2 + r + 10. Determine s(z).
10
Let k(w) = -11*w + 5. Let d(h) = -30*h + 14. Let a(g) = 6*d(g) - 17*k(g). Give a(6).
41
Suppose 3*w = 2*a - w + 8, 4*a = 5*w - 1. Let i(f) = -2*f**2 - 6*f + 5. Let h(n) = n**2 + 6*n - 4. Let l = -2 - 0. Let p(v) = l*i(v) - 3*h(v). Determine p(a).
2
Let h(j) be the second derivative of j**3/3 - 6*j**2 + 5*j + 13. Determine h(9).
6
Suppose -7*y + 6 = -5*y. Let w(o) = -o**3 - 4*o**2 - 3*o + 6. Let i(a) = -2*a**3 - 8*a**2 - 6*a + 11. Let f(x) = y*i(x) - 5*w(x). What is f(-4)?
15
Suppose -a = 4*j - 27 - 5, -3*a + 2*j = -54. Suppose -5*k = a - 0. Let p be -1 - k - (-1)/1. Let n(x) = x + 2. Determine n(p).
6
Suppose 4*s = -s - 5. Let q(m) = -2*m**2 - m. Let o(c) = c**2 - c - 1. Let t(w) = o(w) + q(w). Give t(s).
0
Let l(j) = -j**3 + j**2 - 3*j. Let c(b) = 2*b**2 - 7*b + 2. Let m(i) = -c(i) + 2*l(i). Determine m(2).
-16
Let a(n) = -9*n - 4. Let w(t) = -5*t - 3. Let q(p) = 4*a(p) - 7*w(p). Let o = -6 - 1. Determine q(o).
12
Let r(w) = 2*w + 1. Suppose 4*t - 48 = -2*t. Let i be (27/2)/(-3) - (-4)/t. Determine r(i).
-7
Let b(r) be the second derivative of r**3/3 - 4*r**2 + 29*r. Let k(w) = -3*w + 7. Let n(h) = 4*b(h) + 5*k(h). Give n(2).
-11
Let a(t) = 460*t**2 + 5 + 4*t**3 - 3*t**3 - 446*t**2. Give a(-14).
5
Let i = 12 - 10. Let n(y) = i*y - 25 - 3*y + 2*y + 16. Determine n(-8).
-17
Let c(b) = b**2 - 3*b - 2. Let q = 9 - 7. Let o be 48/27 + q/9. Determine c(o).
-4
Let l(f) be the third derivative of -f**